*c = -97*c - 4922701. Is g a composite number?
False
Suppose a - 166235 = 4*m, -a - 5*m = 2505 - 168794. Is a a composite number?
False
Suppose -4*z + 64 = -4*u - u, 0 = 4*z + u - 40. Let h be z/4 - (-3 + 30/8). Suppose y - h*p - 1243 = -p, -3*y = 4*p - 3729. Is y composite?
True
Let n(y) = -80*y + 3. Let p be (-46 + -2)*((-21)/(-12) + -1). Let h be p/9 + 0 + 3. Is n(h) a prime number?
True
Let g(z) = -11*z**2 + 73*z - 8. Suppose -10*v = -3*v - 42. Is g(v) a composite number?
True
Suppose -31 - 101 = 3*c. Let x = 66 + c. Let a(r) = r**3 - 21*r**2 + 31*r + 27. Is a(x) prime?
True
Suppose 0 = -4*w + 8, 10*w - 9*w - 14 = 4*g. Is 2/2 - g/(21/10990) composite?
False
Let u(y) = 3*y - 17. Let k be u(5). Let h be (30/12)/(k/4). Is h*(1 - (-348)/(-20)) a prime number?
False
Let q be -11 + 5/(10/8). Let w(n) = -n**3 - 7*n**2 - n - 7. Let j be w(q). Suppose -10 = 5*d + 5, 2*c + 2*d - 3902 = j. Is c composite?
True
Is 3/10 - (-473)/(-110) - (-923211)/3 prime?
True
Let d be ((-15)/(-4))/((-15)/40). Suppose 0 = -8*q + 149 - 29. Is ((-166)/d)/(3/q) a composite number?
False
Let t(w) = -5 - w**2 - 4 - 17*w + 2*w. Let n be t(-14). Is 4/n - 1251/(-5) prime?
True
Let k be (4 + 89572)*2*1/(-4). Is ((-5)/5 - 0)/(4/k) prime?
True
Let c(m) = 9381*m**3 + m**2 + 5*m - 14. Is c(3) composite?
True
Let g(f) = -8*f - 20. Let x be g(-4). Is (x/(-24))/(1/(-1354)) a composite number?
False
Suppose 0 = 3*b - 3*g - 3375378, -67*b + 62*b - g + 5625636 = 0. Is b prime?
True
Let d = -151 - -91. Let b = -66 - d. Is 2*5/20 + (-891)/b prime?
True
Is (-3)/9 + (76136/6 - -17) a prime number?
False
Suppose -h - 5*o - 7 = -9*o, 5*o - 20 = 5*h. Let i(p) = 22*p**3 + 5*p**2 + 3*p - 2. Let s be i(-5). Is s/(-8) + h/(-4) prime?
True
Let f(o) = 23530*o + 517. Is f(16) prime?
False
Suppose -3*m - 117089 = -z, -5*z + 19*m = 15*m - 585489. Is z a composite number?
False
Is ((-40588737)/28)/(148/16 + -10) a composite number?
False
Let i(m) = -m**3 - 48*m**2 - 71*m + 59. Is i(-56) a composite number?
False
Suppose 4*p - 854 - 94 = 0. Let y be (8/(-10))/(23/(-8395)). Let h = y + p. Is h prime?
False
Let l = -393 + 394. Is 3 - (-1273 - l)/7 a composite number?
True
Is 410/7175 - (-15959613)/35 composite?
False
Let d = -2268 + 1279. Let m = 20 - d. Is m composite?
False
Is ((-13133712)/1824)/(-1*(-1)/(-4)) composite?
True
Let n = 796397 + -445810. Is n a composite number?
False
Let i(p) = 10*p**2 - 4*p + 11. Let a be (-4)/(-14) + (-260)/(-70). Let o be i(a). Let s = 554 + o. Is s a prime number?
True
Suppose 1092*b - p = 1094*b - 219863, -5*p - 329788 = -3*b. Is b a composite number?
True
Suppose -4*v + 7*v = -1491. Let o = -306 - v. Is (o/(-2))/((-4)/8) a prime number?
True
Let x(z) = 30*z + 14. Let m be x(4). Suppose 0 = 5*l + 29 - m. Suppose 0 = 20*a - l*a + 953. Is a composite?
False
Let k = -32199 + 100570. Is k a composite number?
False
Let h(y) = y + 134. Let w be h(-22). Is 28/w + 3243/(-4)*-1 composite?
False
Suppose -232343 = -2*m - 2*h - 62503, -4*m - 5*h + 339687 = 0. Is m composite?
False
Suppose -464*a = -458*a - 387078. Is a a prime number?
True
Let t = 499447 - -50034. Is t a composite number?
False
Suppose 0 = -3*i + 44 - 23. Let n(w) = 22*w**2 - 6*w - i*w - 11*w + 19*w + 4. Is n(3) a prime number?
False
Is ((-1691205)/(-3) - 1)*((-240)/32 - -8) a composite number?
False
Let a(r) = -r**2 + 5*r + 3. Let s be a(5). Suppose -s*m = -2 + 737. Let v = 586 + m. Is v a prime number?
False
Let w(h) = -19*h**2 - 19*h - 61. Suppose 77 = -11*x + 4*x. Let r(s) = 10*s**2 + 10*s + 31. Let q(b) = x*r(b) - 6*w(b). Is q(-18) composite?
False
Let i = -3732 + 3737. Let t(l) = -31*l + 133*l + 166*l + 21. Is t(i) composite?
False
Let w(i) = -1054*i**3 - 6*i**2 + 3*i + 5. Let l(g) = -g**3 + g + 1. Let c(u) = 3*l(u) - w(u). Is c(1) a prime number?
False
Let r be 114129 + (-2 - (-3 - -3)). Suppose 0 = -21*l + 8*l + r. Is l a prime number?
True
Let p = 35 + -33. Is -2 + (-2 - p - (-1 - 2078)) prime?
False
Suppose 5*z + 2*h + 2492 = 5*h, -h - 2496 = 5*z. Let w = 914 + z. Is w a prime number?
False
Suppose -5*r - 5*b + 13496555 = 0, -89*r - 7*b = -87*r - 5398602. Is r a composite number?
True
Suppose -2*r = u - 4, 2*u + 2*r + 14 = 4*u. Let t(c) = 8*c**2 - 3*c - 16. Is t(u) a prime number?
False
Suppose t - 1044453 = -3*h, -4*t = 12*h - 10*h - 696322. Is h a composite number?
False
Suppose 14 = 8*i - i. Suppose 7*k - 18 = 3*k + i*o, 0 = -2*k - 5*o - 21. Suppose 58 = k*j + 2*n, -5*j + 3*n + 180 = n. Is j a composite number?
True
Is 1/10*1615142 + (-72)/(-90) composite?
True
Suppose 0 = -318*q + 90113857 - 6539959. Is q prime?
False
Let z(a) = -885930*a + 805. Is z(-2) prime?
False
Let p(w) = -14*w + 202. Let i be p(14). Is i - (10/2 - 6546) prime?
True
Is (-2)/20 + 5400373228/8280 + (-2)/(-18) prime?
False
Suppose -3*u + p = -13, -4*p = 3*u - u - 4. Let t be -1 + 9/3 + u. Suppose -2*c - 1513 = -t*h + h, 4 = -c. Is h composite?
True
Let a be 32 + (7 + -8)/(1/5). Is 40/180 + 37875/a a prime number?
False
Let a be 4 + 228/(-18) - 4/3. Is -5*8/a - -2991 prime?
False
Suppose -120*w - 45142821 = -4*w - 108191953. Is w composite?
True
Let k(v) = 2*v - 5*v + 5*v - v**2 + 3. Let j be k(0). Suppose h = 5*h + 4*b - 628, -3*h + j*b + 459 = 0. Is h composite?
True
Suppose 0 = -h + 18402 + 809. Suppose -2*u + 31*i = 26*i - h, 5*i - 19161 = -2*u. Is u prime?
False
Let u(w) = 3170*w + 987. Is u(5) composite?
True
Let x(d) = d**2 - 6*d + 3. Let o be x(7). Suppose 12 = -4*k + o*k. Is (-3)/k + (-2)/((-4)/1117) composite?
False
Let a = 23 + -25. Let h be (a/(-3))/((-20)/8070). Let s = h - -540. Is s a prime number?
True
Is (-67074)/(-12) - 9/(-60)*-30 prime?
False
Let s(l) = -l**2 - 3*l + 18. Let x be s(-6). Suppose c + 3*p - 4*p - 4 = x, -4 = 4*c + p. Is (-1*(0 - -1502))/(-1 - c) a prime number?
False
Let d = 459 - 453. Is d/12*(7 + 16701) prime?
False
Let x(a) = -a. Let b be x(-2). Is (-10012)/(-8 - (-4 - b)) a composite number?
True
Let c(u) = -16*u + 64. Let p be c(4). Suppose p = 3*l - 45824 - 38695. Is l a composite number?
True
Suppose -2*d + 20 = -3*a, 0 = 3*d - 4*a - 8 - 20. Suppose -4*f - d*g = -11036, f + g = -2*f + 8281. Is f a composite number?
True
Let t(w) = -238*w**3 - w + 1. Let m be t(1). Let a be -2 - ((-4)/(-2) - 933). Let d = a + m. Is d a composite number?
False
Let w(l) = -l**2 + 6*l + 21. Let b = -51 + 58. Let p be w(b). Let q(g) = 174*g + 45. Is q(p) a composite number?
True
Suppose 45*f = 56*f - 15499. Let k = -1002 + f. Is k a prime number?
False
Suppose 3*k + k - 48872 = -2*z, 0 = -4*z - 8. Suppose -8*d + 5*d + k = 0. Is d composite?
False
Let p(d) = -7*d - 74. Let w be p(-11). Suppose w*n - 3096 = -2*a + 5878, 0 = 4*a + 2*n - 17948. Is a composite?
True
Suppose -3*i - 7 - 19 = -5*o, -3*i = 6. Suppose -5*d - 2*s + 4803 = 0, 16*d - o*s = 20*d - 3852. Is d composite?
True
Suppose 3*f = 9, 4*f + 32 = -2*b + 3*b. Let j = b + -50. Is (6 - (-1334 - j))/(2*1) a composite number?
True
Is 7 + 1020040/4 + 26 prime?
True
Suppose -32*r + 7*r + 456637 = -609013. Is r prime?
False
Let v(z) = 23*z**3 + 11*z**2 - 69*z + 39. Is v(22) a composite number?
False
Is 1/((-15)/9)*1424560/(-48) composite?
False
Suppose -1319558 = -13*m + 59601 + 52934. Is m a prime number?
True
Let r = 213 - 204. Suppose r*m + 99 = 720. Is m composite?
True
Suppose -n + 4*a = -6, -a + 3 - 12 = n. Let y(r) = -11*r**2 + 2*r + 29. Let l(v) = 33*v**2 - 6*v - 87. Let s(o) = 3*l(o) + 8*y(o). Is s(n) a composite number?
False
Suppose -27*o - 422510 + 2162201 = 0. Is o a composite number?
False
Let d(a) = a**3 - a**2 - 279. Let s be d(0). Is (-62)/s + (-107942)/(-18) a composite number?
True
Suppose -4*s = -2*p - 51 - 43, 31 = s - 2*p. Suppose -s*q = -451360 - 217343. Is q prime?
False
Let o(i) = -10*i**3 + 11*i**2 - 23*i - 19. Is o(-20) a composite number?
True
Let z(g) be the second derivative of -241*g**6/720 - 41*g**5/120 - 3*g**4 + 4*g. Let v(s) be the third derivative of z(s). Is v(-4) composite?
True
Let s = 172 + -168. Suppose 0 = -z - s*g + 2743, -3*z - 6*g + g + 8236 = 0. Is z composite?
True
Let o = 115 + -114. Is 3/9 - ((-12410)/3 - o) a composite number?
True
Suppose 127*f - 538784 = -2*g + 122*f, 3*g + 2*f = 808143. Is g a prime number?
True
Let q = -6 - -13. Suppose -29 = 2*p - q*p + 3*u, -3*u = -p + 13. Suppose -f - 2*i = -6*f + 164